 5*s - 11 = -2. What are the prime factors of z(i)?
2
Suppose 3*x - 2*q - 147 = 46, -242 = -4*x - 5*q. What are the prime factors of x?
3, 7
Let c = 129 - -2. What are the prime factors of c?
131
Let m(p) = 3*p + 32. List the prime factors of m(0).
2
Suppose 4*v = -0*v - 4*n + 284, -2*n + 72 = v. Suppose -2*d = -4*d + v. What are the prime factors of d?
5, 7
Let h(a) = a + 3. Let v be h(-5). Let i = 2 - v. Suppose -4 = -c - 2*n - 2, -20 = i*n. What are the prime factors of c?
2, 3
Let y(s) = -s**3 - 24*s**2 - 2*s + 20. What are the prime factors of y(-24)?
2, 17
Let u be (1 - -1)/(2/3). Suppose -u*o + 21 + 33 = 0. What are the prime factors of o?
2, 3
Suppose -3*w - c + 3 = 0, -3*w - c = c. Suppose -w*l + 14 = 4*q, q = l - 4*l + 26. What are the prime factors of l?
3
Let m(s) = -4*s - 21. What are the prime factors of m(-7)?
7
Let i = 39 + -21. What are the prime factors of i?
2, 3
Suppose -r = 5*r - 2646. What are the prime factors of r?
3, 7
Let r be ((-7)/(-3))/((-3)/(-9)). Suppose 2*q + r = f, 2*q = -q - 12. Let x(k) = -6*k**3 + 2*k + 1. List the prime factors of x(f).
5
Let o = 601 + -277. What are the prime factors of o?
2, 3
Let l(a) = 9*a**2 + a**3 + 10*a - 2 + 2 - 1. List the prime factors of l(-7).
3
List the prime factors of -1*(-37 - 0/2).
37
Let w(g) = -18*g**3 + 2*g**2 + g. Suppose s - 3 + 4 = 0. What are the prime factors of w(s)?
19
List the prime factors of (620/(-5))/((-6)/9*1).
2, 3, 31
What are the prime factors of 68 + 1 - (-6 + 3)?
2, 3
Let l(b) = -b**2 + b. Let c be l(0). Suppose 2*w + 44 = 6*w - 3*r, w + 2*r = c. List the prime factors of w.
2
Suppose -4*q + 3*q = -2*o + 67, 0 = -3*o - 2*q + 118. List the prime factors of o.
2, 3
Let f(a) = -20*a**3 + 2 - 2*a + 5*a**2 + a + 21*a**3. List the prime factors of f(-5).
7
Suppose 0 = -5*u - 2*c + 269, 148 = 2*u + 4*c + 34. List the prime factors of u.
53
Let b(u) = -u**2 - 3*u + 2. Let m be b(-3). Suppose -m*c + 96 = 2*c. What are the prime factors of c?
2, 3
Let w = 42 - 26. Let m = 36 - w. Suppose t - m = 2. List the prime factors of t.
2, 11
What are the prime factors of -134*1/2*-1?
67
Let u(f) = -f**3 + 8*f**2 - 7*f + 3. Let z be u(7). Suppose z*v - 15 = -2*v. Suppose -7*m + 3*m + 53 = v*r, -4*m - r = -55. What are the prime factors of m?
2, 7
List the prime factors of (115 - 2)*3/3.
113
Suppose -4*c = 5*h + 25, -2*c = -0*c - 2*h - 10. Suppose 6 = -c*z + z. Suppose 60 = z*t - t. List the prime factors of t.
2, 3
Let u(x) = x**3 + 6*x**2 + 3*x - 7. Let i be u(-5). Suppose 2*o - 81 = -i*p - 0*p, 0 = 3*p + 3*o - 81. What are the prime factors of p?
3
Let j = -166 + 253. List the prime factors of j.
3, 29
Let b(s) be the third derivative of s**8/20160 - s**6/360 + s**5/60 - s**2. Let i(d) be the third derivative of b(d). List the prime factors of i(4).
2, 7
Suppose c = -7 + 1. List the prime factors of 6 + c + 1*17.
17
Let u be (-104)/5*(-15)/2. Suppose -u - 27 = -3*m. Suppose -3*y + m = 19. List the prime factors of y.
2, 7
Let a = -11 + 107. What are the prime factors of a?
2, 3
Let r(j) = 5*j - 1. Let d be r(-1). Let y be (-22)/(-6) - 2/d. Suppose 0 = y*a - 24 - 4. What are the prime factors of a?
7
Let o(k) = -3*k + 2. Let g be o(-6). Let r = 9 - 21. What are the prime factors of (-174)/(-10) - r/g?
2, 3
Let d be 0 + -8 + (-6)/(-3). Let o be 27/5 - 10/25. Let c = o - d. List the prime factors of c.
11
Let h be (-6)/(-3) + 37 - 3. Suppose 4*b - h = -4*m, b = 4*m - 9*m + 1. List the prime factors of b.
11
Let s = 15 - 15. Suppose 3*d - 72 = -s. What are the prime factors of d?
2, 3
Let k(m) = m**3 - m**2 - m + 6. Let o be k(0). What are the prime factors of -3 - (-3 - (o + 0))?
2, 3
Let g(q) = -96*q**2 - q - 1. Let i be g(-1). Let s = i - -53. Let h = -23 - s. What are the prime factors of h?
2, 5
List the prime factors of (-1 + 6/8)/(26/(-7384)).
71
Suppose 5*d - 13 = 7. Let x = d + -2. List the prime factors of x.
2
What are the prime factors of 2/(-3) - 209/(-57)?
3
Suppose -6*d - 20 = -11*d. Suppose -33 = o - d*o. List the prime factors of o.
11
Let v = -15 + 17. Let k(i) = i**3 + 7*i**2 - i - 4. Let a be k(-7). Suppose -a*b = -v*b - 14. List the prime factors of b.
2, 7
Suppose -3*q = d - 36, -4*d + 2*q = -q - 84. Let t = 9 - 3. List the prime factors of (-4)/(d/(-9))*t.
3
Let x = 147 - 75. Let q = x - 14. List the prime factors of q.
2, 29
Suppose 2*w - o + 3 = 0, -5*o + 5 = -5*w - 3*o. Let v(q) = q - 1. Let t be v(w). What are the prime factors of 21 + (-3)/(-3 + t)?
2, 11
Let i(o) = -2*o**2 + 4*o - 4. Let h be i(4). What are the prime factors of h/6*(-4 - 2)?
2, 5
Suppose -6 = -i - 3*t, 13 = 5*i + 3*t - 5. List the prime factors of 4/i*54/4.
2, 3
Suppose 0 = j - 3*u - 288, -2*u + 54 - 638 = -2*j. List the prime factors of j.
2, 3, 7
Let m(y) be the third derivative of -3*y**4/8 - y**3/2 - 6*y**2. List the prime factors of m(-3).
2, 3
What are the prime factors of (7 + (-24)/4)/((-1)/(-150))?
2, 3, 5
Let c(q) = 16*q. List the prime factors of c(7).
2, 7
Let b = 19 + 14. List the prime factors of b.
3, 11
Let d be (18 - -3)*4/6. Suppose 3*r - 212 = -d. Suppose 3*y - r = -0*y. List the prime factors of y.
2, 11
Suppose 0 = -3*p + 3*j + 18, -22 = -p - 2*p + 2*j. Suppose p = -2*u + 4*u. Suppose -w + 0 = -u. List the prime factors of w.
5
Suppose -2*v = 3*v - 10. Let q(k) = 5*k**2 + 2*k + 1. List the prime factors of q(v).
5
Suppose 0 = -3*j + 11 + 1. Suppose 4*s + j*z - 71 = 21, 3*z + 27 = s. List the prime factors of s.
2, 3
Suppose -487 = -2*f + 3*b, -b + 2*b = -f + 241. What are the prime factors of f?
2, 11
Let x be ((-1)/(-3))/(2/6). Let h be 1*(3 + -1)*x. Suppose -18 = -2*z + h. What are the prime factors of z?
2, 5
Let u(x) = -x**3 + x**2 + 3*x + 1. Let o be u(-2). Let v = o + -4. What are the prime factors of v?
3
Let c be (-1)/(-3) - (-7)/(-3). Let y(w) = 8*w**2 - 3*w. List the prime factors of y(c).
2, 19
Suppose -y + 2*l + 36 = y, 2*y - l = 34. What are the prime factors of y?
2
Suppose 3*u + s = u + 142, 0 = -5*u + 3*s + 377. List the prime factors of u.
73
Suppose -327 = 4*l - 7*l. What are the prime factors of l?
109
What are the prime factors of -3 + (-4 + 2)*-55?
107
Suppose 2*z - 22 = 22. List the prime factors of z.
2, 11
Suppose -2*o + 3*o = 3*p, 3*o - 30 = 3*p. Let u = 29 - o. List the prime factors of u.
2, 7
List the prime factors of 57/(-38)*(-224)/6.
2, 7
Let d(a) = -3*a + 5. Let t be d(4). Let w be t*(-3 + 2)*-1. Let r = w + 18. What are the prime factors of r?
11
Let g(c) = c - 1. Let t(a) = 3*a**2 + 4*a + 2. Let y be t(-2). Let b be g(y). Suppose b*v + 5*d = 0, 2*d + 5 = -5. List the prime factors of v.
5
Let n be 6/(3*(-8)/60). Let m = n + 38. List the prime factors of m.
23
Let m be ((-2)/(-5))/((-4)/20). Let h = m - -6. Suppose 4*g - h*y = 4, 0 = g - 5*g + y + 19. What are the prime factors of g?
2, 3
Let m = -20 + 44. Let w be m/(-14) + 2/(-7). List the prime factors of (3/w)/((-3)/18).
3
Let j(x) = x**2 - 5*x - 3. What are the prime factors of j(8)?
3, 7
Suppose 0 = 2*q - 507 + 1. What are the prime factors of q?
11, 23
Let w be 1*(-7 - (1 - 2)). Let x(m) be the second derivative of -m**4/12 - 7*m**3/6 + m**2 - 7*m. What are the prime factors of x(w)?
2
Suppose -3*s + 2*s - 13 = 5*c, -5*s + 5*c + 25 = 0. Suppose -31 = s*a - 93. List the prime factors of a.
31
Let k(l) = -4*l + 9. List the prime factors of k(-8).
41
Let d = -274 - -497. Suppose 3*f = f - 2*b + 116, -b = 4*f - d. What are the prime factors of f?
5, 11
Let a(m) = -m**2 + 14*m - 10. Let k be a(14). Let c = 21 - k. List the prime factors of c.
31
Let f(l) = 10*l + 27. List the prime factors of f(8).
107
What are the prime factors of ((-26)/8)/(0 - (-3)/(-12))?
13
Let a be (-3 - 16/(-4)) + 2. Suppose u + i - 29 = -2*u, -a*i + 27 = 3*u. List the prime factors of u.
2, 5
Suppose -1157 = 13*j - 6331. List the prime factors of j.
2, 199
Let j = 9 + -6. Let i = 6 - j. Suppose -i*s + 32 = c, -2*c = 2*c - s - 89. What are the prime factors of c?
23
Let j = -374 + 682. What are the prime factors of j?
2, 7, 11
Let h = 94 + -63. What are the prime factors of h?
31
What are the prime factors of -6*2/(-6)*1?
2
Let u = -18 + 72. List the prime factors of u.
2, 3
Let j = 27 - -73. List the prime factors of j.
2, 5
Let i(n) = n**3 + 10*n**2 - 13*n - 11. What are the prime factors of i(